e
Is 42099203 a composite number?
False
Is 46443937 a composite number?
False
Is 1094243 a composite number?
True
Is 1630399 prime?
True
Is 21499283 prime?
False
Is 108766607 composite?
False
Is 1828511 prime?
False
Is 1677569 a composite number?
False
Is 614283179 a composite number?
False
Is 2154261 a prime number?
False
Is 1691897 a prime number?
True
Is 6861373 composite?
True
Is 1160933 composite?
True
Is 43621147 a prime number?
True
Is 1238327 a prime number?
True
Is 55809307 a prime number?
True
Is 6166859 composite?
True
Is 3110323 composite?
True
Is 7145837 prime?
False
Is 2074565 composite?
True
Is 2216679749 a composite number?
False
Is 45190187 composite?
True
Is 184478317 a prime number?
False
Is 42750181 a composite number?
False
Is 148817903 a prime number?
False
Is 1928249 composite?
True
Is 1895623 a prime number?
True
Is 7672229 composite?
False
Is 36771767 a prime number?
True
Is 657610777 composite?
False
Is 132790807 a prime number?
True
Is 29627501 a composite number?
False
Is 19307483 a composite number?
True
Is 75792697 a prime number?
True
Is 30284689 a prime number?
False
Is 282809017 a prime number?
True
Is 1306043 composite?
True
Is 2156813 prime?
True
Is 2478065 a prime number?
False
Is 49856621 prime?
True
Is 513021 a composite number?
True
Is 6798863 composite?
False
Is 5024167 prime?
False
Is 318574 a prime number?
False
Is 40863227 prime?
True
Is 120469 composite?
True
Is 82758901 composite?
True
Is 27312577 a composite number?
True
Is 5887091 prime?
False
Is 29754227 prime?
True
Is 19468237 prime?
True
Is 15078785 prime?
False
Is 43246823 a composite number?
True
Is 329250539 composite?
False
Is 6631091 a prime number?
False
Is 370453 a composite number?
True
Is 297173507 prime?
True
Is 332589517 a prime number?
False
Is 2641277 prime?
True
Is 71174381 a composite number?
True
Is 86737123 a composite number?
True
Is 90789113 prime?
True
Is 80320309 composite?
False
Is 26364193 a composite number?
False
Is 3222467 a composite number?
False
Is 327331 composite?
False
Is 208036527 composite?
True
Is 249494749 a composite number?
True
Is 1288489 a composite number?
True
Is 14786521 prime?
False
Is 174977 a prime number?
False
Is 91717239 a composite number?
True
Is 22158379 a prime number?
False
Is 15432635 a prime number?
False
Is 3359813 prime?
False
Is 46949027 prime?
True
Is 11404649 composite?
False
Is 3282551 composite?
False
Is 17461047 a prime number?
False
Is 252689331 prime?
False
Is 62789297 a composite number?
False
Is 50712733 composite?
True
Is 1137053 prime?
False
Is 169614473 a prime number?
False
Is 9983059 prime?
False
Is 2293901 composite?
False
Is 7905707 prime?
True
Is 12684869 a composite number?
False
Is 540399863 prime?
False
Is 1008929969 prime?
False
Is 1401707 a composite number?
True
Is 2658517 composite?
True
Is 807629 prime?
True
Is 538991 a composite number?
True
Is 59600543 composite?
False
Is 30697697 a prime number?
True
Is 236267267 a prime number?
True
Is 213151469 a composite number?
False
Is 15034117 a composite number?
True
Is 36171745 prime?
False
Is 19778519 composite?
True
Is 9364627 composite?
False
Is 6930361 prime?
False
Is 17969639 a prime number?
True
Is 44037349 a composite number?
False
Is 1648349 a prime number?
True
Is 189326461 composite?
False
Is 87689177 composite?
True
Is 30237423 composite?
True
Is 279847 prime?
True
Is 4598609 a composite number?
True
Is 55297607 a prime number?
True
Is 870283 composite?
False
Is 98951 a prime number?
False
Is 5745433 prime?
False
Is 220477057 a composite number?
True
Is 57488897 a composite number?
True
Is 403864403 a prime number?
True
Is 7088363 a composite number?
True
Is 22222471 a composite number?
False
Is 98153329 prime?
True
Is 3937727 a composite number?
True
Is 104693621 composite?
False
Is 2862389 a composite number?
True
Is 437611 a composite number?
True
Is 1019352541 a prime number?
True
Is 490821359 prime?
False
Is 92004203 a prime number?
False
Is 157823 a prime number?
True
Is 5567987 composite?
False
Is 173067187 composite?
True
Is 18697591 composite?
True
Is 124633 prime?
True
Is 7721671 a prime number?
True
Is 8965139 a prime number?
False
Is 8534017 a composite number?
True
Is 167423437 a composite number?
False
Is 819450391 prime?
True
Is 478831 a prime number?
True
Is 123673057 a prime number?
True
Is 40217273 a prime number?
False
Is 89582981 composite?
False
Is 37529 composite?
False
Is 21454333 composite?
False
Is 146965277 composite?
False
Is 585118763 prime?
True
Is 82583 a composite number?
True
Is 4272941 composite?
False
Is 3058943 composite?
True
Is 24003613 a prime number?
False
Is 15614603 a composite number?
False
Is 3573917 a composite number?
False
Is 1266719 a prime number?
True
Is 32947703 composite?
False
Is 773335 composite?
True
Is 4463969 a composite number?
True
Is 69086333 a prime number?
True
Is 156777641 a prime number?
True
Is 107773291 a prime number?
False
Is 1373006 a prime number?
False
Is 9166 a prime number?
False
Is 17694847 prime?
True
Is 5201549 prime?
False
Is 1807061 prime?
True
Is 719333 composite?
False
Is 13799221 composite?
True
Is 62482057 a prime number?
False
Is 136681807 a composite number?
False
Is 6268331 a composite number?
False
Is 3334127 a composite number?
False
Is 6679529 a prime number?
False
Is 80455057 composite?
True
Is 16028461 prime?
True
Is 185389019 a composite number?
True
Is 352347067 prime?
True
Is 38033841 prime?
False
Is 50877623 composite?
False
Is 166331 a composite number?
True
Is 103422569 a composite number?
False
Is 44352989 a prime number?
False
Is 8869771 composite?
False
Is 4332067 composite?
False
Is 73373483 a composite number?
False
Is 88682929 prime?
False
Is 25238641 a prime number?
True
Is 124577 prime?
True
Is 5613574 a prime number?
False
Is 25874269 composite?
False
Is 679321 a prime number?
False
Is 31198147 a prime number?
True
Is 159930181 composite?
False
Is 40817177 composite?
False
Is 41553937 a composite number?
False
Is 10429009 a prime number?
False
Is 9574057 a composite number?
False
Is 9927583 composite?
False
Is 8514353 composite?
False
Is 9281399 a composite number?
False
Is 6789701 composite?
False
Is 855781 prime?
True
Is 13985087 a prime number?
True
Is 49443547 a composite number?
False
Is 92033 prime?
True
Is 55675223 composite?
False
Is 847843 a composite number?
True
Is 6151367 composite?
True
Is 60239867 prime?
False
Is 45641 prime?
True
Is 175805713 prime?
True
Is 57125129 composite?
False
Is 6265835 prime?
False
Is 160898167 a prime number?
False
Is 4186823 a composite number?
False
Is 557625259 a composite number?
False
Is 6948041 a prime number?
True
Is 77875097 a composite number?
False
Is 270209 composite?
False
Is 258385423 composite?
True
Is 370298631 a prime number?
False
Is 9247159 a composite number?
True
Is 3896801 composite?
False
Is 22234369 a prime number?
True
Is 241102555 a composite number?
True
Is 13012399 prime?
False
Is 2817077 composite?
False
Is 1016621 a composite number?
False
Is 3198977 a prime number?
True
Is 436781309 prime?
True
Is 3329923 composite?
False
Is 12212587 a composite number?
True
Is 123428623 a composite number?
False
Is 605365391 a composite number?
False
Is 63176719 a prime number?
True
Is 739873 prime?
False
Is 40357663 a prime number?
False
Is 23817223 prime?
True
Is 19556023 composite?
False
Is 9384553 a prime number?
True
Is 9795251 composite?
True
Is 8782049 prime?
True
Is 21400781 composite?
False
Is 22765165 composite?
True
Is 307862803 composite?
True
Is 53087527 a prime number?
True
Is 12023 a composite number?
True
Is 1591039 prime?
False
Is 5494207 a prime number?
True
Is 1155821 composite?
False
Is 3692287 a composite number?
True
Is 220568291 a prime number?
True
Is 818683 a composite number?
False
Is 2539913 composite?
True
Is 3924539 a prime number?
True
Is 6340039 a composite number?
False
Is 20224901 a composite number?
False
Is 709097 prime?
True
Is 1227829 a composite number?
False
Is 2010971 prime?
True
Is 4023983 a prime number?
False
Is 1666345 a composite number?
True
Is 283931 prime?
False
Is 16084949 composite?
False
Is 1515456341 prime?
False
Is 317234231 prime?
True
Is 14411219 a composite number?
False
Is 18285847 composi